{"id":1695,"date":"2021-06-09T13:22:49","date_gmt":"2021-06-09T11:22:49","guid":{"rendered":"https:\/\/courtcircuitnancy.fr\/?page_id=1695"},"modified":"2024-07-18T16:08:35","modified_gmt":"2024-07-18T14:08:35","slug":"bibliotheque","status":"publish","type":"page","link":"https:\/\/courtcircuitnancy.fr\/index.php\/bibliotheque\/","title":{"rendered":"Les livres"},"content":{"rendered":"\t\t<div data-elementor-type=\"wp-page\" data-elementor-id=\"1695\" class=\"elementor elementor-1695\">\n\t\t\t\t\t\t<section class=\"elementor-section elementor-top-section elementor-element elementor-element-8e491de elementor-section-content-middle elementor-section-boxed elementor-section-height-default elementor-section-height-default\" data-id=\"8e491de\" data-element_type=\"section\" data-settings=\"{&quot;background_background&quot;:&quot;classic&quot;}\">\n\t\t\t\t\t\t\t<div class=\"elementor-background-overlay\"><\/div>\n\t\t\t\t\t\t\t<div class=\"elementor-container elementor-column-gap-no\">\n\t\t\t\t\t<div class=\"elementor-column elementor-col-100 elementor-top-column elementor-element elementor-element-fb027eb\" data-id=\"fb027eb\" data-element_type=\"column\">\n\t\t\t<div class=\"elementor-widget-wrap elementor-element-populated\">\n\t\t\t\t\t\t<div class=\"elementor-element elementor-element-02d282c elementor-widget elementor-widget-heading\" data-id=\"02d282c\" data-element_type=\"widget\" data-widget_type=\"heading.default\">\n\t\t\t\t<div class=\"elementor-widget-container\">\n\t\t\t<h1 class=\"elementor-heading-title elementor-size-default\">Ludoth\u00e8que &amp; Biblioth\u00e8que<\/h1>\t\t<\/div>\n\t\t\t\t<\/div>\n\t\t\t\t\t<\/div>\n\t\t<\/div>\n\t\t\t\t\t<\/div>\n\t\t<\/section>\n\t\t\t\t<section class=\"elementor-section elementor-top-section elementor-element elementor-element-779cdd4 elementor-section-content-middle elementor-section-boxed elementor-section-height-default elementor-section-height-default\" data-id=\"779cdd4\" data-element_type=\"section\" data-settings=\"{&quot;background_background&quot;:&quot;classic&quot;}\">\n\t\t\t\t\t\t\t<div class=\"elementor-background-overlay\"><\/div>\n\t\t\t\t\t\t\t<div class=\"elementor-container elementor-column-gap-no\">\n\t\t\t\t\t<div class=\"elementor-column elementor-col-50 elementor-top-column elementor-element elementor-element-659faa5\" data-id=\"659faa5\" data-element_type=\"column\">\n\t\t\t<div class=\"elementor-widget-wrap elementor-element-populated\">\n\t\t\t\t\t\t<div class=\"elementor-element elementor-element-b69fbad elementor-widget elementor-widget-heading\" data-id=\"b69fbad\" data-element_type=\"widget\" data-widget_type=\"heading.default\">\n\t\t\t\t<div class=\"elementor-widget-container\">\n\t\t\t<h5 class=\"elementor-heading-title elementor-size-default\">Vous souhaitez lire un bon roman pendant la d\u00e9gustation de votre boisson locale ?  <br><br>C'EST POSSIBLE \u00c0 COURT-CIRCUIT<\/h5>\t\t<\/div>\n\t\t\t\t<\/div>\n\t\t\t\t<div class=\"elementor-element elementor-element-6c4d8dc elementor-widget elementor-widget-text-editor\" data-id=\"6c4d8dc\" data-element_type=\"widget\" data-widget_type=\"text-editor.default\">\n\t\t\t\t<div class=\"elementor-widget-container\">\n\t\t\t\t\t\t\t<p>Retrouvez ici notre s\u00e9lection d&rsquo;ouvrages<\/p>\t\t\t\t\t\t<\/div>\n\t\t\t\t<\/div>\n\t\t\t\t<div class=\"elementor-element elementor-element-a20da9e elementor-view-default elementor-widget elementor-widget-icon\" data-id=\"a20da9e\" data-element_type=\"widget\" data-widget_type=\"icon.default\">\n\t\t\t\t<div class=\"elementor-widget-container\">\n\t\t\t\t\t<div class=\"elementor-icon-wrapper\">\n\t\t\t<a class=\"elementor-icon\" href=\"http:\/\/courtcircuitnancy.fr\/wp-content\/uploads\/2021\/06\/BibliothequeCC.pdf\">\n\t\t\t<i aria-hidden=\"true\" class=\"fas fa-book-open\"><\/i>\t\t\t<\/a>\n\t\t<\/div>\n\t\t\t\t<\/div>\n\t\t\t\t<\/div>\n\t\t\t\t\t<\/div>\n\t\t<\/div>\n\t\t\t\t<div class=\"elementor-column elementor-col-50 elementor-top-column elementor-element elementor-element-ecc97dc\" data-id=\"ecc97dc\" data-element_type=\"column\" data-settings=\"{&quot;background_background&quot;:&quot;classic&quot;}\">\n\t\t\t<div class=\"elementor-widget-wrap elementor-element-populated\">\n\t\t\t\t\t\t<div class=\"elementor-element elementor-element-e2328f8 elementor-widget elementor-widget-heading\" data-id=\"e2328f8\" data-element_type=\"widget\" data-widget_type=\"heading.default\">\n\t\t\t\t<div class=\"elementor-widget-container\">\n\t\t\t<h5 class=\"elementor-heading-title elementor-size-default\">Court-circuit vous propose \u00e9galement une s\u00e9lection de jeux de soci\u00e9t\u00e9 dans l'espace caf\u00e9\/bar du local \u00e0 vivre(s)<br>Ils sont mis gratuitement \u00e0 votre disposition, n'h\u00e9sitez pas \u00e0 nous demander !<br><br>Vous pouvez \u00e9galement utiliser des grands classiques comme des jeux de cartes, dames etc... \u00e0 votre disposition \u00e0 l'int\u00e9rieur<br><\/h5>\t\t<\/div>\n\t\t\t\t<\/div>\n\t\t\t\t<div class=\"elementor-element elementor-element-78a472b elementor-widget elementor-widget-text-editor\" data-id=\"78a472b\" data-element_type=\"widget\" data-widget_type=\"text-editor.default\">\n\t\t\t\t<div class=\"elementor-widget-container\">\n\t\t\t\t\t\t\t<p>Retrouvez ici notre s\u00e9lection de jeux de soci\u00e9t\u00e9<\/p>\t\t\t\t\t\t<\/div>\n\t\t\t\t<\/div>\n\t\t\t\t<div class=\"elementor-element elementor-element-39e1435 elementor-view-default elementor-widget elementor-widget-icon\" data-id=\"39e1435\" data-element_type=\"widget\" data-widget_type=\"icon.default\">\n\t\t\t\t<div class=\"elementor-widget-container\">\n\t\t\t\t\t<div class=\"elementor-icon-wrapper\">\n\t\t\t<a class=\"elementor-icon\" href=\"https:\/\/courtcircuitnancy.fr\/index.php\/les-jeux\/\">\n\t\t\t<i aria-hidden=\"true\" class=\"fas fa-chess\"><\/i>\t\t\t<\/a>\n\t\t<\/div>\n\t\t\t\t<\/div>\n\t\t\t\t<\/div>\n\t\t\t\t\t<\/div>\n\t\t<\/div>\n\t\t\t\t\t<\/div>\n\t\t<\/section>\n\t\t\t\t<\/div>\n\t\t","protected":false},"excerpt":{"rendered":"<p>Ludoth\u00e8que &amp; Biblioth\u00e8que Vous souhaitez lire un bon roman pendant la d\u00e9gustation de votre boisson locale ? C&rsquo;EST POSSIBLE \u00c0 COURT-CIRCUIT Retrouvez ici notre s\u00e9lection d&rsquo;ouvrages Court-circuit vous propose \u00e9galement une s\u00e9lection de jeux de soci\u00e9t\u00e9 dans l&rsquo;espace caf\u00e9\/bar du local \u00e0 vivre(s)Ils sont mis gratuitement \u00e0 votre disposition, n&rsquo;h\u00e9sitez pas \u00e0 nous demander ! &hellip;<\/p>\n<p class=\"read-more\"> <a class=\"\" href=\"https:\/\/courtcircuitnancy.fr\/index.php\/bibliotheque\/\"> <span class=\"screen-reader-text\">Les livres<\/span> Lire la suite \u00bb<\/a><\/p>\n","protected":false},"author":1,"featured_media":0,"parent":0,"menu_order":0,"comment_status":"closed","ping_status":"closed","template":"","meta":{"footnotes":""},"class_list":["post-1695","page","type-page","status-publish","hentry"],"yoast_head":"<!-- This site is optimized with the Yoast SEO plugin v23.0 - https:\/\/yoast.com\/wordpress\/plugins\/seo\/ -->\n<title>Les livres - court-circuit Nancy<\/title>\n<meta name=\"robots\" content=\"index, follow, max-snippet:-1, max-image-preview:large, max-video-preview:-1\" \/>\n<link rel=\"canonical\" href=\"https:\/\/courtcircuitnancy.fr\/index.php\/bibliotheque\/\" \/>\n<meta property=\"og:locale\" content=\"fr_FR\" \/>\n<meta property=\"og:type\" content=\"article\" \/>\n<meta property=\"og:title\" content=\"Les livres - court-circuit Nancy\" \/>\n<meta property=\"og:description\" content=\"Ludoth\u00e8que &amp; Biblioth\u00e8que Vous souhaitez lire un bon roman pendant la d\u00e9gustation de votre boisson locale ? C&rsquo;EST POSSIBLE \u00c0 COURT-CIRCUIT Retrouvez ici notre s\u00e9lection d&rsquo;ouvrages Court-circuit vous propose \u00e9galement une s\u00e9lection de jeux de soci\u00e9t\u00e9 dans l&rsquo;espace caf\u00e9\/bar du local \u00e0 vivre(s)Ils sont mis gratuitement \u00e0 votre disposition, n&rsquo;h\u00e9sitez pas \u00e0 nous demander ! &hellip; Les livres Lire la suite \u00bb\" \/>\n<meta property=\"og:url\" content=\"https:\/\/courtcircuitnancy.fr\/index.php\/bibliotheque\/\" \/>\n<meta property=\"og:site_name\" content=\"court-circuit Nancy\" \/>\n<meta property=\"article:publisher\" content=\"https:\/\/www.facebook.com\/courtcircuitVoltaire\" \/>\n<meta property=\"article:modified_time\" content=\"2024-07-18T14:08:35+00:00\" \/>\n<meta name=\"twitter:card\" content=\"summary_large_image\" \/>\n<meta name=\"twitter:label1\" content=\"Dur\u00e9e de lecture estim\u00e9e\" \/>\n\t<meta name=\"twitter:data1\" content=\"1 minute\" \/>\n<script type=\"application\/ld+json\" class=\"yoast-schema-graph\">{\"@context\":\"https:\/\/schema.org\",\"@graph\":[{\"@type\":\"WebPage\",\"@id\":\"https:\/\/courtcircuitnancy.fr\/index.php\/bibliotheque\/\",\"url\":\"https:\/\/courtcircuitnancy.fr\/index.php\/bibliotheque\/\",\"name\":\"Les livres - court-circuit Nancy\",\"isPartOf\":{\"@id\":\"https:\/\/courtcircuitnancy.fr\/#website\"},\"datePublished\":\"2021-06-09T11:22:49+00:00\",\"dateModified\":\"2024-07-18T14:08:35+00:00\",\"breadcrumb\":{\"@id\":\"https:\/\/courtcircuitnancy.fr\/index.php\/bibliotheque\/#breadcrumb\"},\"inLanguage\":\"fr-FR\",\"potentialAction\":[{\"@type\":\"ReadAction\",\"target\":[\"https:\/\/courtcircuitnancy.fr\/index.php\/bibliotheque\/\"]}]},{\"@type\":\"BreadcrumbList\",\"@id\":\"https:\/\/courtcircuitnancy.fr\/index.php\/bibliotheque\/#breadcrumb\",\"itemListElement\":[{\"@type\":\"ListItem\",\"position\":1,\"name\":\"Home\",\"item\":\"https:\/\/courtcircuitnancy.fr\/\"},{\"@type\":\"ListItem\",\"position\":2,\"name\":\"Les livres\"}]},{\"@type\":\"WebSite\",\"@id\":\"https:\/\/courtcircuitnancy.fr\/#website\",\"url\":\"https:\/\/courtcircuitnancy.fr\/\",\"name\":\"Court-circuit Nancy\",\"description\":\"Le local \u00e0 vivre(s)\",\"publisher\":{\"@id\":\"https:\/\/courtcircuitnancy.fr\/#organization\"},\"potentialAction\":[{\"@type\":\"SearchAction\",\"target\":{\"@type\":\"EntryPoint\",\"urlTemplate\":\"https:\/\/courtcircuitnancy.fr\/?s={search_term_string}\"},\"query-input\":\"required name=search_term_string\"}],\"inLanguage\":\"fr-FR\"},{\"@type\":\"Organization\",\"@id\":\"https:\/\/courtcircuitnancy.fr\/#organization\",\"name\":\"Court-circuit Nancy\",\"url\":\"https:\/\/courtcircuitnancy.fr\/\",\"logo\":{\"@type\":\"ImageObject\",\"inLanguage\":\"fr-FR\",\"@id\":\"https:\/\/courtcircuitnancy.fr\/#\/schema\/logo\/image\/\",\"url\":\"https:\/\/courtcircuitnancy.fr\/wp-content\/uploads\/2020\/11\/court-circuit-logo-jaune-vert-180.png\",\"contentUrl\":\"https:\/\/courtcircuitnancy.fr\/wp-content\/uploads\/2020\/11\/court-circuit-logo-jaune-vert-180.png\",\"width\":180,\"height\":180,\"caption\":\"Court-circuit Nancy\"},\"image\":{\"@id\":\"https:\/\/courtcircuitnancy.fr\/#\/schema\/logo\/image\/\"},\"sameAs\":[\"https:\/\/www.facebook.com\/courtcircuitVoltaire\",\"https:\/\/www.instagram.com\/court_circuit_nancy\/?hl=fr\"]}]}<\/script>\n<!-- \/ Yoast SEO plugin. -->","yoast_head_json":{"title":"Les livres - court-circuit Nancy","robots":{"index":"index","follow":"follow","max-snippet":"max-snippet:-1","max-image-preview":"max-image-preview:large","max-video-preview":"max-video-preview:-1"},"canonical":"https:\/\/courtcircuitnancy.fr\/index.php\/bibliotheque\/","og_locale":"fr_FR","og_type":"article","og_title":"Les livres - court-circuit Nancy","og_description":"Ludoth\u00e8que &amp; Biblioth\u00e8que Vous souhaitez lire un bon roman pendant la d\u00e9gustation de votre boisson locale ? C&rsquo;EST POSSIBLE \u00c0 COURT-CIRCUIT Retrouvez ici notre s\u00e9lection d&rsquo;ouvrages Court-circuit vous propose \u00e9galement une s\u00e9lection de jeux de soci\u00e9t\u00e9 dans l&rsquo;espace caf\u00e9\/bar du local \u00e0 vivre(s)Ils sont mis gratuitement \u00e0 votre disposition, n&rsquo;h\u00e9sitez pas \u00e0 nous demander ! &hellip; Les livres Lire la suite \u00bb","og_url":"https:\/\/courtcircuitnancy.fr\/index.php\/bibliotheque\/","og_site_name":"court-circuit Nancy","article_publisher":"https:\/\/www.facebook.com\/courtcircuitVoltaire","article_modified_time":"2024-07-18T14:08:35+00:00","twitter_card":"summary_large_image","twitter_misc":{"Dur\u00e9e de lecture estim\u00e9e":"1 minute"},"schema":{"@context":"https:\/\/schema.org","@graph":[{"@type":"WebPage","@id":"https:\/\/courtcircuitnancy.fr\/index.php\/bibliotheque\/","url":"https:\/\/courtcircuitnancy.fr\/index.php\/bibliotheque\/","name":"Les livres - court-circuit Nancy","isPartOf":{"@id":"https:\/\/courtcircuitnancy.fr\/#website"},"datePublished":"2021-06-09T11:22:49+00:00","dateModified":"2024-07-18T14:08:35+00:00","breadcrumb":{"@id":"https:\/\/courtcircuitnancy.fr\/index.php\/bibliotheque\/#breadcrumb"},"inLanguage":"fr-FR","potentialAction":[{"@type":"ReadAction","target":["https:\/\/courtcircuitnancy.fr\/index.php\/bibliotheque\/"]}]},{"@type":"BreadcrumbList","@id":"https:\/\/courtcircuitnancy.fr\/index.php\/bibliotheque\/#breadcrumb","itemListElement":[{"@type":"ListItem","position":1,"name":"Home","item":"https:\/\/courtcircuitnancy.fr\/"},{"@type":"ListItem","position":2,"name":"Les livres"}]},{"@type":"WebSite","@id":"https:\/\/courtcircuitnancy.fr\/#website","url":"https:\/\/courtcircuitnancy.fr\/","name":"Court-circuit Nancy","description":"Le local \u00e0 vivre(s)","publisher":{"@id":"https:\/\/courtcircuitnancy.fr\/#organization"},"potentialAction":[{"@type":"SearchAction","target":{"@type":"EntryPoint","urlTemplate":"https:\/\/courtcircuitnancy.fr\/?s={search_term_string}"},"query-input":"required name=search_term_string"}],"inLanguage":"fr-FR"},{"@type":"Organization","@id":"https:\/\/courtcircuitnancy.fr\/#organization","name":"Court-circuit Nancy","url":"https:\/\/courtcircuitnancy.fr\/","logo":{"@type":"ImageObject","inLanguage":"fr-FR","@id":"https:\/\/courtcircuitnancy.fr\/#\/schema\/logo\/image\/","url":"https:\/\/courtcircuitnancy.fr\/wp-content\/uploads\/2020\/11\/court-circuit-logo-jaune-vert-180.png","contentUrl":"https:\/\/courtcircuitnancy.fr\/wp-content\/uploads\/2020\/11\/court-circuit-logo-jaune-vert-180.png","width":180,"height":180,"caption":"Court-circuit Nancy"},"image":{"@id":"https:\/\/courtcircuitnancy.fr\/#\/schema\/logo\/image\/"},"sameAs":["https:\/\/www.facebook.com\/courtcircuitVoltaire","https:\/\/www.instagram.com\/court_circuit_nancy\/?hl=fr"]}]}},"_links":{"self":[{"href":"https:\/\/courtcircuitnancy.fr\/index.php\/wp-json\/wp\/v2\/pages\/1695"}],"collection":[{"href":"https:\/\/courtcircuitnancy.fr\/index.php\/wp-json\/wp\/v2\/pages"}],"about":[{"href":"https:\/\/courtcircuitnancy.fr\/index.php\/wp-json\/wp\/v2\/types\/page"}],"author":[{"embeddable":true,"href":"https:\/\/courtcircuitnancy.fr\/index.php\/wp-json\/wp\/v2\/users\/1"}],"replies":[{"embeddable":true,"href":"https:\/\/courtcircuitnancy.fr\/index.php\/wp-json\/wp\/v2\/comments?post=1695"}],"version-history":[{"count":47,"href":"https:\/\/courtcircuitnancy.fr\/index.php\/wp-json\/wp\/v2\/pages\/1695\/revisions"}],"predecessor-version":[{"id":2876,"href":"https:\/\/courtcircuitnancy.fr\/index.php\/wp-json\/wp\/v2\/pages\/1695\/revisions\/2876"}],"wp:attachment":[{"href":"https:\/\/courtcircuitnancy.fr\/index.php\/wp-json\/wp\/v2\/media?parent=1695"}],"curies":[{"name":"wp","href":"https:\/\/api.w.org\/{rel}","templated":true}]}}